711. What is s(-16)?
73
Let r(x) = -75*x**3 - 1354*x**2 - 175*x - 1850. Determine r(-18).
4
Let t(p) = -3*p**3 - 207*p**2 - 9*p - 499. What is t(-69)?
122
Let j(l) = 3*l**3 - 367*l**2 - 622*l + 1153. Give j(124).
905
Let f(w) = 249335*w + 2742590. Give f(-11).
-95
Let s(n) = 887*n + 6013. Give s(-7).
-196
Let b(s) = -103*s**2 + 161*s - 158. Determine b(1).
-100
Let o(x) = x**3 + 378*x**2 + 2194*x + 542127. Calculate o(-376).
-65
Let n(o) = o**2 + 57*o - 58. Determine n(-9).
-490
Let c(b) = -6657*b + 39366. Give c(6).
-576
Let f(n) = -n**3 - 134*n**2 - 1998*n + 10429. Calculate f(-116).
-11
Let m(a) = 1582*a - 63147. What is m(40)?
133
Let o(r) = 898*r**2 - 9901*r + 255. What is o(11)?
2
Let i(p) = -44*p - 5922. Give i(-133).
-70
Let n(q) = -6*q**2 - 77*q - 619. Determine n(-29).
-3432
Let n(v) = 5*v**3 + 31*v**2 + 3*v - 32. What is n(1)?
7
Let r(j) = 13*j**2 - 4061*j - 2507. Calculate r(313).
-3
Let x(g) = 5*g**2 + 3403*g + 59653. What is x(-18)?
19
Let t(l) = l**2 - 54*l + 418. Give t(11).
-55
Let h(c) = 2949*c + 1223912. What is h(-415)?
77
Let a(v) = -8*v**2 + 7472*v - 14940. Give a(2).
-28
Let g(m) = 2*m**2 - 1419*m - 75962. What is g(-50)?
-12
Let h(q) = -89*q**3 - 12*q**2 - 65*q - 81. Determine h(-3).
2409
Let c(f) = -43*f**2 - 443*f - 35. Calculate c(-10).
95
Let t(y) = 373*y + 80293. Determine t(-213).
844
Let x(p) = -2*p**2 - 57360*p - 745347. What is x(-13)?
-5
Let k(w) = -194*w - 582. Calculate k(0).
-582
Let k(c) = -2*c**3 - 8*c**2 - 6952*c - 34816. Give k(-5).
-6
Let b(r) = 8*r**2 + 74*r - 5880. Determine b(-32).
-56
Let t(w) = -10946*w + 54146. Determine t(5).
-584
Let d(a) = 5374*a - 102101. Give d(19).
5
Let u(t) = -t**3 + 7*t**2 - 689*t + 5417. Determine u(8).
-159
Let w(k) = 24*k**3 - 125*k**2 - 35*k + 125. What is w(5)?
-175
Let b(a) = -a**3 - 83*a**2 - 1481*a + 1746. What is b(-56)?
10
Let q(z) = -86*z**2 + 20443*z - 20443. Determine q(1).
-86
Let b(k) = k**3 - 25*k**2 - 891*k + 24. Calculate b(44).
-2396
Let m(p) = 19*p**3 - 483*p**2 - 277*p - 224. Calculate m(26).
10
Let o(d) = 12096*d - 84575. What is o(7)?
97
Let i(f) = -139685*f + 2374637. Calculate i(17).
-8
Let v(k) = 22*k**2 - 5231*k + 31562. What is v(6)?
968
Let z(t) = 9*t**3 + 21*t**2 - 71*t - 6. Calculate z(3).
213
Let o(j) = 1586*j + 19148. Determine o(-12).
116
Let w(z) = -z**2 + 411*z - 33555. What is w(102)?
-2037
Let y(b) = 873*b + 23555. Calculate y(-27).
-16
Let v(q) = -q**3 - 38*q**2 + 165*q - 159. What is v(-42)?
-33
Let o(t) = -37*t**2 + 132*t - 275. What is o(2)?
-159
Let k(g) = 18*g**3 + 19*g**2 + 57*g + 39. Calculate k(-3).
-447
Let r(q) = 2*q**3 + 99*q**2 + 59*q + 485. Determine r(-49).
-5
Let w(c) = -3*c**2 + 786*c + 15849. Calculate w(-20).
-1071
Let q(t) = -218*t + 431. Give q(0).
431
Let b(r) = -r**2 + 99*r - 1594. What is b(22)?
100
Let j(m) = -m**2 + 3086*m - 205224. Calculate j(68).
0
Let b(q) = -37*q**2 - 5541*q + 1372. Determine b(-150).
22
Let s(z) = -2*z**3 + 68*z**2 - 339*z + 1334. Give s(29).
-87
Let r(s) = -796*s - 250706. What is r(-315)?
34
Let w(q) = -8496*q - 509313. Determine w(-60).
447
Let j(k) = k**3 - 111*k**2 + 354*k - 3205. Give j(108).
35
Let c(x) = 7*x**2 - 418*x - 2488. Determine c(65).
-83
Let y(f) = 3*f**3 - 2*f**2 + 6*f + 7. Determine y(-3).
-110
Let i(a) = 5*a**2 - 775*a + 23744. Calculate i(113).
14
Let c(y) = -5*y**2 - 268*y - 19. Give c(-53).
140
Let a(y) = -1100*y**2 + 6609*y - 64. What is a(6)?
-10
Let o(a) = 308470*a - 4010144. Calculate o(13).
-34
Let j(q) = 51*q - 30587. Determine j(601).
64
Let v(j) = 18*j**2 - 5836*j + 12630. Give v(322).
-250
Let o(f) = 3*f**2 - 3188*f - 19309. Calculate o(-6).
-73
Let o(q) = q**3 - 2196*q**2 + 32680*q + 76323. Give o(2181).
-12
Let y(g) = -15*g**2 + 138*g + 588. Determine y(-4).
-204
Let y(d) = -151632*d - 70053990. What is y(-462)?
-6
Let r(v) = -198*v - 3364. Determine r(-12).
-988
Let d(n) = -116034*n + 580172. Give d(5).
2
Let l(k) = 14*k**2 + 507*k - 1600. What is l(3)?
47
Let s(o) = 45*o**2 + 5208*o + 85251. What is s(-96)?
3
Let p(c) = c**2 - 1690*c + 8330. Determine p(5).
-95
Let o(p) = 1860*p - 91101. Calculate o(49).
39
Let w(k) = -4*k**3 + 7*k**2 + 97*k - 247. Determine w(4).
-3
Let d(p) = -42*p**3 + 71*p**2 - 80*p + 16. Determine d(1).
-35
Let f(a) = 122102*a + 2808301. Give f(-23).
-45
Let f(r) = -2705*r - 24536. Determine f(-9).
-191
Let c(h) = 7*h**2 - 2765*h + 64710. Give c(370).
-40
Let f(y) = -5*y**3 + 192*y**2 - 68*y - 287. Give f(38).
17
Let t(i) = 7*i**2 + 719*i + 3403. Give t(-5).
-17
Let u(b) = -90*b**2 + 763*b - 7. Give u(9).
-430
Let m(s) = s**3 - 2044*s**2 - 68531*s + 326. Determine m(-33).
-4
Let b(a) = 2*a**2 - 8776*a - 247289. Determine b(-28).
7
Let a(q) = -409*q**2 - 19969*q - 72. Determine a(-49).
-3600
Let u(f) = -28265*f - 4239742. Calculate u(-150).
8
Let t(u) = 178592*u + 357193. Determine t(-2).
9
Let d(b) = 38*b**2 - 183*b - 500. Give d(-4).
840
Let o(k) = -2*k**3 - 33*k**2 + 125*k + 2303. Determine o(-17).
467
Let x(k) = k**3 - 2*k**2 - 1022*k + 2055. Give x(2).
11
Let u(n) = -2*n**3 + 24*n**2 + 372*n - 3383. What is u(7)?
-289
Let q(l) = 2374*l + 16452. Give q(-7).
-166
Let p(w) = -2896*w - 58141. Determine p(-20).
-221
Let o(f) = 6*f**3 + 173*f**2 - 30*f - 51. Calculate o(-29).
-22
Let k(j) = j**3 + 87*j**2 + 695*j - 446. What is k(-78)?
100
Let s(r) = 79*r**2 - 5823*r - 20008. What is s(77)?
12
Let a(i) = -3*i**2 - 329*i - 2676. Calculate a(-101).
-50
Let p(v) = 4267*v**2 + 21304*v - 189. Calculate p(-5).
-34
Let a(f) = -4357*f + 766834. Determine a(176).
2
Let c(k) = 2*k**3 + 55*k**2 - 171*k - 1386. Determine c(6).
0
Let a(c) = 71*c - 13453. What is a(151)?
-2732
Let h(a) = 3*a**2 - 4373*a - 39605. What is h(-9)?
-5
Let i(v) = 4*v**2 - 94*v + 239. Determine i(21).
29
Let z(j) = -170740*j + 9049225. Give z(53).
5
Let p(n) = n**2 - 33038*n + 693356. Calculate p(21).
-1
Let h(x) = -644*x - 7921. Calculate h(-13).
451
Let v(b) = 9097*b - 345689. Calculate v(38).
-3
Let s(u) = -u**3 - 24*u**2 + 37*u + 36. Calculate s(-25).
-264
Let c(y) = -5208*y - 135415. Give c(-26).
-7
Let p(s) = -53073*s + 265322. Calculate p(5).
-43
Let c(d) = d**2 + 469*d + 52709. Give c(-283).
71
Let j(y) = y**3 - 29*y**2 - 348*y + 2899. Calculate j(6).
-17
Let t(f) = 7*f**2 - 1206*f + 1157. Determine t(171).
-382
Let b(x) = 3*x**2 - 126*x - 1343. Determine b(50).
-143
Let d(k) = -131*k**2 + 123*k + 16. What is d(1)?
8
Let k(f) = f**3 + 39*f**2 + 348*f + 4094. Calculate k(-32).
126
Let r(x) = 57*x - 3651. What is r(47)?
-972
Let s(w) = 2*w**3 - 89*w**2 - 905*w + 195. Determine s(53).
-17
Let n(a) = -2405*a - 303031. What is n(-126)?
-1
Let p(n) = 2*n**3 - 200*n**2 + 24*n - 2520. Determine p(100).
-120
Let n(z) = -489177*z - 3913431. Determine n(-8).
-15
Let h(b) = b**3 + 36*b**2 + 204*b + 29. What is h(-20)?
2349
Let j(c) = -c**3 + 72*c**2 - 1316*c + 95. What is j(42)?
-2257
Let h(q) = -4*q**2 + 140*q - 1083. What is h(8)?
-219
Let m(d) = -1481*d - 10145. Determine m(-7).
222
Let i(k) = -4795*k + 71934. Give i(15).
9
Let y(v) = -3*v + 82. Calculate y(-48).
226
Let h(f) = -135261*f + 946822. Determine h(7).
-5
Let y(m) = 19*m**3 + 16*m**2 - 18*m + 2. What is y(3)?
605
Let m(j) = -2*j**2 - 160*j - 3639. Calculate m(-43).
-457
Let u(q) = q**3 + 35*q**2 + 248*q + 8308. Give u(-36).
-1916
Let d(w) = -83285*w - 10660488. Determine d(-128).
-8
Let d(b) = 2133*b + 831870. Determine d(-390).
0
Let u(q) = -55*q**2 - 10*q + 139. What is u(6)?
-1901
Let v(m) = -m**3 - 147*m**2 + 1251*m - 92. Calculate v(-155).
-1797
Let m(f) = -7*f**2 + 130*f - 827. Determine m(13).
-320
Let m(u) = 11*u**3 + 690*u**2 - 191*u - 106. Determine m(-63).
20
Let w(k) = k**3 - 142*k**2 + 298*k - 2331. Determine w(140).
189
Let q(f) = f**3 + 824*f**2 + 1394*f - 205568. What is q(-822)?
-68
Let p(y) = 117*y + 15021. Determine p(-126).
279
Let m(j) = -19*j**2 + 638*j + 2396. What is m(37)?
-9
Let w(v) = 3*v**2 - 4010*v + 32134. Calculate w(8).
246
Let i(y) = -958*y - 6673. What is i(-7)?
33
Let s(u) = 553*u + 8297. What is s(-15)?
2
Let b(u) = -2*u**2 + 396*u - 8116. Give b(23).
-66
Let j(g) = g**3 - 640*g - 6210. Determine j(-14).
6
Let w(y) = -y**3 + 31*y**2 - 44*y + 574. Calculate w(30).
154
Let o(g) = -39403*g**2 - 275817*g + 25. What is o(-7)?
-3
Let k(q) = 61*q**2 + 2781*q + 1530. What is